{"id":662,"date":"2021-07-12T16:41:45","date_gmt":"2021-07-12T14:41:45","guid":{"rendered":"https:\/\/fueyo-immobilier.fr\/?page_id=662"},"modified":"2023-09-13T15:25:03","modified_gmt":"2023-09-13T13:25:03","slug":"elementor-662","status":"publish","type":"page","link":"https:\/\/fueyo-immobilier.fr\/?page_id=662","title":{"rendered":"Recrutement"},"content":{"rendered":"\t\t<div data-elementor-type=\"wp-page\" data-elementor-id=\"662\" class=\"elementor elementor-662\">\n\t\t\t\t\t\t\t\t\t<section class=\"elementor-section elementor-top-section elementor-element elementor-element-cb64d8f elementor-section-boxed elementor-section-height-default elementor-section-height-default\" data-id=\"cb64d8f\" data-element_type=\"section\">\n\t\t\t\t\t\t<div class=\"elementor-container elementor-column-gap-default\">\n\t\t\t\t\t<div class=\"elementor-column elementor-col-100 elementor-top-column elementor-element elementor-element-5a57228\" data-id=\"5a57228\" data-element_type=\"column\">\n\t\t\t<div class=\"elementor-widget-wrap elementor-element-populated\">\n\t\t\t\t\t\t\t\t<div class=\"elementor-element elementor-element-1362bbf elementor-widget elementor-widget-heading\" data-id=\"1362bbf\" data-element_type=\"widget\" data-widget_type=\"heading.default\">\n\t\t\t\t<div class=\"elementor-widget-container\">\n\t\t\t<h2 class=\"elementor-heading-title elementor-size-default\">Nous Recrutons<\/h2>\t\t<\/div>\n\t\t\t\t<\/div>\n\t\t\t\t<div class=\"elementor-element elementor-element-0223fec elementor-widget elementor-widget-spacer\" data-id=\"0223fec\" data-element_type=\"widget\" data-widget_type=\"spacer.default\">\n\t\t\t\t<div class=\"elementor-widget-container\">\n\t\t\t\t\t<div class=\"elementor-spacer\">\n\t\t\t<div class=\"elementor-spacer-inner\"><\/div>\n\t\t<\/div>\n\t\t\t\t<\/div>\n\t\t\t\t<\/div>\n\t\t\t\t<div class=\"elementor-element elementor-element-289a604 elementor-widget elementor-widget-text-editor\" data-id=\"289a604\" data-element_type=\"widget\" data-widget_type=\"text-editor.default\">\n\t\t\t\t<div class=\"elementor-widget-container\">\n\t\t\t\t\t\t\t<p>FUEYO IMMOBILIER continue sa phase de lancement en recrutant de nouveaux collaborateurs&nbsp;\ud83d\udce3<\/p>\n<p>Afin de d\u00e9velopper notre agence pour satisfaire au mieux nos clients, nous sommes toujours int\u00e9ress\u00e9s pour faire grandir notre \u00e9quipe !<\/p><p>Si vous \u00eates motiv\u00e9s et que les missions \u00e9nonc\u00e9es ci-dessous vous motivent alors contactez nous \ud83d\ude42<\/p>\n<ul>\n<li style=\"list-style-type: none;\">\n<ul>\n<li>D\u00e9couvrir et apprendre \u00e0 conna\u00eetre votre secteur<\/li>\n<li>Prospecter de nouveaux clients : acheteurs et vendeurs<\/li>\n<li>Devenir un interlocuteur privil\u00e9gi\u00e9 des commer\u00e7ants, habitants de votre secteur<\/li>\n<li>Rentrer des Mandats<\/li>\n<li>Assurer le suivi client<\/li>\n<li>Participer \u00e0 la vie de l\u2019Agence : Repas, R\u00e9union etc<\/li>\n<\/ul>\n<\/li>\n<\/ul>\n<p>\ud83d\udc49 D\u00e9butant ou professionnel, les enjeux sont les m\u00eames et notre accompagnement sera adapt\u00e9 \u00e0 vos besoins.<\/p>\t\t\t\t\t\t<\/div>\n\t\t\t\t<\/div>\n\t\t\t\t\t<\/div>\n\t\t<\/div>\n\t\t\t\t\t\t\t<\/div>\n\t\t<\/section>\n\t\t\t\t\t\t\t<\/div>\n\t\t","protected":false},"excerpt":{"rendered":"<p>Nous Recrutons FUEYO IMMOBILIER continue sa phase de lancement en recrutant de nouveaux collaborateurs&nbsp;\ud83d\udce3 Afin de d\u00e9velopper notre agence pour satisfaire au mieux nos clients, nous sommes toujours int\u00e9ress\u00e9s pour faire grandir notre \u00e9quipe ! Si vous \u00eates motiv\u00e9s et que les missions \u00e9nonc\u00e9es ci-dessous vous motivent alors contactez nous<\/p>\n<div class=\"re-read-more\"><a class=\"read-more\" href=\"https:\/\/fueyo-immobilier.fr\/?page_id=662\">Read More&#8230;<\/a><\/div>\n","protected":false},"author":1,"featured_media":0,"parent":0,"menu_order":0,"comment_status":"closed","ping_status":"closed","template":"","meta":[],"yoast_head":"<!-- This site is optimized with the Yoast SEO plugin v18.4.1 - https:\/\/yoast.com\/wordpress\/plugins\/seo\/ -->\n<title>Recrutement - FUEYO IMMMOBILIER<\/title>\n<meta name=\"robots\" content=\"index, follow, max-snippet:-1, max-image-preview:large, max-video-preview:-1\" \/>\n<link rel=\"canonical\" href=\"https:\/\/fueyo-immobilier.fr\/?page_id=662\" \/>\n<meta property=\"og:locale\" content=\"fr_FR\" \/>\n<meta property=\"og:type\" content=\"article\" \/>\n<meta property=\"og:title\" content=\"Recrutement - FUEYO IMMMOBILIER\" \/>\n<meta property=\"og:description\" content=\"Nous Recrutons FUEYO IMMOBILIER continue sa phase de lancement en recrutant de nouveaux collaborateurs&nbsp;\ud83d\udce3 Afin de d\u00e9velopper notre agence pour satisfaire au mieux nos clients, nous sommes toujours int\u00e9ress\u00e9s pour faire grandir notre \u00e9quipe ! Si vous \u00eates motiv\u00e9s et que les missions \u00e9nonc\u00e9es ci-dessous vous motivent alors contactez nousRead More...\" \/>\n<meta property=\"og:url\" content=\"https:\/\/fueyo-immobilier.fr\/?page_id=662\" \/>\n<meta property=\"og:site_name\" content=\"FUEYO IMMMOBILIER\" \/>\n<meta property=\"article:modified_time\" content=\"2023-09-13T13:25:03+00:00\" \/>\n<meta name=\"twitter:card\" content=\"summary_large_image\" \/>\n<meta name=\"twitter:label1\" content=\"Dur\u00e9e de lecture estim\u00e9e\" \/>\n\t<meta name=\"twitter:data1\" content=\"1 minute\" \/>\n<script type=\"application\/ld+json\" class=\"yoast-schema-graph\">{\"@context\":\"https:\/\/schema.org\",\"@graph\":[{\"@type\":\"WebSite\",\"@id\":\"https:\/\/fueyo-immobilier.fr\/#website\",\"url\":\"https:\/\/fueyo-immobilier.fr\/\",\"name\":\"FUEYO IMMMOBILIER\",\"description\":\"\",\"potentialAction\":[{\"@type\":\"SearchAction\",\"target\":{\"@type\":\"EntryPoint\",\"urlTemplate\":\"https:\/\/fueyo-immobilier.fr\/?s={search_term_string}\"},\"query-input\":\"required name=search_term_string\"}],\"inLanguage\":\"fr-FR\"},{\"@type\":\"WebPage\",\"@id\":\"https:\/\/fueyo-immobilier.fr\/?page_id=662#webpage\",\"url\":\"https:\/\/fueyo-immobilier.fr\/?page_id=662\",\"name\":\"Recrutement - FUEYO IMMMOBILIER\",\"isPartOf\":{\"@id\":\"https:\/\/fueyo-immobilier.fr\/#website\"},\"datePublished\":\"2021-07-12T14:41:45+00:00\",\"dateModified\":\"2023-09-13T13:25:03+00:00\",\"breadcrumb\":{\"@id\":\"https:\/\/fueyo-immobilier.fr\/?page_id=662#breadcrumb\"},\"inLanguage\":\"fr-FR\",\"potentialAction\":[{\"@type\":\"ReadAction\",\"target\":[\"https:\/\/fueyo-immobilier.fr\/?page_id=662\"]}]},{\"@type\":\"BreadcrumbList\",\"@id\":\"https:\/\/fueyo-immobilier.fr\/?page_id=662#breadcrumb\",\"itemListElement\":[{\"@type\":\"ListItem\",\"position\":1,\"name\":\"Accueil\",\"item\":\"https:\/\/fueyo-immobilier.fr\/\"},{\"@type\":\"ListItem\",\"position\":2,\"name\":\"Recrutement\"}]}]}<\/script>\n<!-- \/ Yoast SEO plugin. -->","yoast_head_json":{"title":"Recrutement - FUEYO IMMMOBILIER","robots":{"index":"index","follow":"follow","max-snippet":"max-snippet:-1","max-image-preview":"max-image-preview:large","max-video-preview":"max-video-preview:-1"},"canonical":"https:\/\/fueyo-immobilier.fr\/?page_id=662","og_locale":"fr_FR","og_type":"article","og_title":"Recrutement - FUEYO IMMMOBILIER","og_description":"Nous Recrutons FUEYO IMMOBILIER continue sa phase de lancement en recrutant de nouveaux collaborateurs&nbsp;\ud83d\udce3 Afin de d\u00e9velopper notre agence pour satisfaire au mieux nos clients, nous sommes toujours int\u00e9ress\u00e9s pour faire grandir notre \u00e9quipe ! Si vous \u00eates motiv\u00e9s et que les missions \u00e9nonc\u00e9es ci-dessous vous motivent alors contactez nousRead More...","og_url":"https:\/\/fueyo-immobilier.fr\/?page_id=662","og_site_name":"FUEYO IMMMOBILIER","article_modified_time":"2023-09-13T13:25:03+00:00","twitter_card":"summary_large_image","twitter_misc":{"Dur\u00e9e de lecture estim\u00e9e":"1 minute"},"schema":{"@context":"https:\/\/schema.org","@graph":[{"@type":"WebSite","@id":"https:\/\/fueyo-immobilier.fr\/#website","url":"https:\/\/fueyo-immobilier.fr\/","name":"FUEYO IMMMOBILIER","description":"","potentialAction":[{"@type":"SearchAction","target":{"@type":"EntryPoint","urlTemplate":"https:\/\/fueyo-immobilier.fr\/?s={search_term_string}"},"query-input":"required name=search_term_string"}],"inLanguage":"fr-FR"},{"@type":"WebPage","@id":"https:\/\/fueyo-immobilier.fr\/?page_id=662#webpage","url":"https:\/\/fueyo-immobilier.fr\/?page_id=662","name":"Recrutement - FUEYO IMMMOBILIER","isPartOf":{"@id":"https:\/\/fueyo-immobilier.fr\/#website"},"datePublished":"2021-07-12T14:41:45+00:00","dateModified":"2023-09-13T13:25:03+00:00","breadcrumb":{"@id":"https:\/\/fueyo-immobilier.fr\/?page_id=662#breadcrumb"},"inLanguage":"fr-FR","potentialAction":[{"@type":"ReadAction","target":["https:\/\/fueyo-immobilier.fr\/?page_id=662"]}]},{"@type":"BreadcrumbList","@id":"https:\/\/fueyo-immobilier.fr\/?page_id=662#breadcrumb","itemListElement":[{"@type":"ListItem","position":1,"name":"Accueil","item":"https:\/\/fueyo-immobilier.fr\/"},{"@type":"ListItem","position":2,"name":"Recrutement"}]}]}},"_links":{"self":[{"href":"https:\/\/fueyo-immobilier.fr\/index.php?rest_route=\/wp\/v2\/pages\/662"}],"collection":[{"href":"https:\/\/fueyo-immobilier.fr\/index.php?rest_route=\/wp\/v2\/pages"}],"about":[{"href":"https:\/\/fueyo-immobilier.fr\/index.php?rest_route=\/wp\/v2\/types\/page"}],"author":[{"embeddable":true,"href":"https:\/\/fueyo-immobilier.fr\/index.php?rest_route=\/wp\/v2\/users\/1"}],"replies":[{"embeddable":true,"href":"https:\/\/fueyo-immobilier.fr\/index.php?rest_route=%2Fwp%2Fv2%2Fcomments&post=662"}],"version-history":[{"count":37,"href":"https:\/\/fueyo-immobilier.fr\/index.php?rest_route=\/wp\/v2\/pages\/662\/revisions"}],"predecessor-version":[{"id":2856,"href":"https:\/\/fueyo-immobilier.fr\/index.php?rest_route=\/wp\/v2\/pages\/662\/revisions\/2856"}],"wp:attachment":[{"href":"https:\/\/fueyo-immobilier.fr\/index.php?rest_route=%2Fwp%2Fv2%2Fmedia&parent=662"}],"curies":[{"name":"wp","href":"https:\/\/api.w.org\/{rel}","templated":true}]}}